{"id":2,"date":"2017-09-07T17:34:07","date_gmt":"2017-09-07T17:34:07","guid":{"rendered":"http:\/\/thesuperunknown.pl\/?page_id=2"},"modified":"2017-10-28T21:27:58","modified_gmt":"2017-10-28T21:27:58","slug":"about","status":"publish","type":"page","link":"https:\/\/thesuperunknown.pl\/?page_id=2","title":{"rendered":"O blogu"},"content":{"rendered":"<p>Najwa\u017cniejszym powodem, dla kt\u00f3rego wpad\u0142am na pomys\u0142 prowadzenia bloga jest moja mi\u0142o\u015b\u0107 do muzyki, szczeg\u00f3lnie muzyki grunge oraz t\u0119sknota za pi\u0119knem i buntowniczym klimatem lat 90-tych. Je\u015bli szukacie informacji o Wielkiej Czw\u00f3rce z Seattle, ciekawostek na ich temat, dobrych t\u0142umacze\u0144 tekst\u00f3w i lubicie wspomina\u0107 czasy narodzin grunge\u2019u to ta strona jest dla Was. Zapraszam!<\/p>\n","protected":false},"excerpt":{"rendered":"<p>Najwa\u017cniejszym powodem, dla kt\u00f3rego wpad\u0142am na pomys\u0142 prowadzenia bloga jest moja mi\u0142o\u015b\u0107 do muzyki, szczeg\u00f3lnie muzyki grunge oraz t\u0119sknota za pi\u0119knem i buntowniczym klimatem lat 90-tych. Je\u015bli szukacie informacji o Wielkiej Czw\u00f3rce z Seattle, ciekawostek na ich temat, dobrych t\u0142umacze\u0144 tekst\u00f3w i lubicie wspomina\u0107 czasy narodzin grunge\u2019u to ta strona jest dla Was. Zapraszam!<\/p>\n","protected":false},"author":1,"featured_media":0,"parent":0,"menu_order":0,"comment_status":"open","ping_status":"open","template":"","meta":{"footnotes":""},"class_list":["post-2","page","type-page","status-publish","hentry"],"_links":{"self":[{"href":"https:\/\/thesuperunknown.pl\/index.php?rest_route=\/wp\/v2\/pages\/2","targetHints":{"allow":["GET"]}}],"collection":[{"href":"https:\/\/thesuperunknown.pl\/index.php?rest_route=\/wp\/v2\/pages"}],"about":[{"href":"https:\/\/thesuperunknown.pl\/index.php?rest_route=\/wp\/v2\/types\/page"}],"author":[{"embeddable":true,"href":"https:\/\/thesuperunknown.pl\/index.php?rest_route=\/wp\/v2\/users\/1"}],"replies":[{"embeddable":true,"href":"https:\/\/thesuperunknown.pl\/index.php?rest_route=%2Fwp%2Fv2%2Fcomments&post=2"}],"version-history":[{"count":1,"href":"https:\/\/thesuperunknown.pl\/index.php?rest_route=\/wp\/v2\/pages\/2\/revisions"}],"predecessor-version":[{"id":135,"href":"https:\/\/thesuperunknown.pl\/index.php?rest_route=\/wp\/v2\/pages\/2\/revisions\/135"}],"wp:attachment":[{"href":"https:\/\/thesuperunknown.pl\/index.php?rest_route=%2Fwp%2Fv2%2Fmedia&parent=2"}],"curies":[{"name":"wp","href":"https:\/\/api.w.org\/{rel}","templated":true}]}}